6709139?
0
What is the thousands digit of 78440319?
0
What is the millions digit of 405294504?
5
What is the thousands digit of 121984344?
4
What is the hundred millions digit of 266443840?
2
What is the units digit of 4862286468?
8
What is the tens digit of 10898236?
3
What is the units digit of 20788103?
3
What is the tens digit of 1070806442?
4
What is the tens digit of 672156696?
9
What is the ten millions digit of 70783180?
7
What is the millions digit of 29414040?
9
What is the units digit of 131864619?
9
What is the ten thousands digit of 831386333?
8
What is the hundreds digit of 2421956709?
7
What is the ten thousands digit of 165251413?
5
What is the hundreds digit of 3781332265?
2
What is the millions digit of 4203677865?
3
What is the units digit of 3379679?
9
What is the ten thousands digit of 343237553?
3
What is the thousands digit of 50528185?
8
What is the ten millions digit of 1314628842?
1
What is the hundreds digit of 36652624?
6
What is the hundred thousands digit of 3851185583?
1
What is the thousands digit of 1505340160?
0
What is the hundreds digit of 367907331?
3
What is the hundred millions digit of 785292372?
7
What is the tens digit of 524782311?
1
What is the hundred thousands digit of 79577898?
5
What is the tens digit of 3260772915?
1
What is the tens digit of 392554601?
0
What is the tens digit of 37402170?
7
What is the ten thousands digit of 379610573?
1
What is the hundred thousands digit of 3668196024?
1
What is the units digit of 17011699?
9
What is the thousands digit of 25662783?
2
What is the millions digit of 820750327?
0
What is the hundreds digit of 48759402?
4
What is the ten thousands digit of 210093552?
9
What is the hundreds digit of 258344872?
8
What is the hundred thousands digit of 479836778?
8
What is the ten millions digit of 394330329?
9
What is the hundred millions digit of 785611967?
7
What is the thousands digit of 527293801?
3
What is the units digit of 494014151?
1
What is the ten millions digit of 827483742?
2
What is the hundreds digit of 273680237?
2
What is the ten thousands digit of 48639965?
3
What is the thousands digit of 40025355?
5
What is the millions digit of 925814671?
5
What is the hundred millions digit of 118418866?
1
What is the thousands digit of 1069581517?
1
What is the ten millions digit of 383162627?
8
What is the tens digit of 67546311?
1
What is the hundreds digit of 119434565?
5
What is the ten millions digit of 769847339?
6
What is the units digit of 1522515433?
3
What is the units digit of 39641308?
8
What is the ten thousands digit of 4477349797?
4
What is the billions digit of 2952555268?
2
What is the thousands digit of 615157204?
7
What is the hundred thousands digit of 173798179?
7
What is the hundreds digit of 153269294?
2
What is the hundred thousands digit of 3951765360?
7
What is the ten thousands digit of 3036233965?
3
What is the units digit of 520710856?
6
What is the ten thousands digit of 21728231?
2
What is the ten millions digit of 7021531673?
2
What is the units digit of 587532911?
1
What is the tens digit of 1157629437?
3
What is the thousands digit of 36553650?
3
What is the ten millions digit of 213504531?
1
What is the tens digit of 8018953?
5
What is the billions digit of 3316038261?
3
What is the ten thousands digit of 1267523?
6
What is the units digit of 445040959?
9
What is the millions digit of 692713235?
2
What is the units digit of 662982825?
5
What is the hundred thousands digit of 286526416?
5
What is the ten thousands digit of 51131832?
3
What is the ten millions digit of 622014943?
2
What is the units digit of 25672380?
0
What is the thousands digit of 15893646?
3
What is the thousands digit of 1339867316?
7
What is the ten thousands digit of 13547167?
4
What is the ten millions digit of 5881115149?
8
What is the hundreds digit of 34080460?
4
What is the hundreds digit of 69761222?
2
What is the hundred thousands digit of 3477009328?
0
What is the units digit of 65930971?
1
What is the millions digit of 6678451?
6
What is the millions digit of 364257943?
4
What is the hundreds digit of 931289796?
7
What is the hundreds digit of 173627772?
7
What is the units digit of 117037837?
7
What is the millions digit of 137028390?
7
What is the millions digit of 175861282?
5
What is the ten millions digit of 1307718355?
0
What is the hundred thousands digit of 14524401?
5
What is the hundreds digit of 6022073742?
7
What is the ten thousands digit of 101541695?
4
What is the ten thousands digit of 246172416?
7
What is the hundred thousands digit of 495941459?
9
What is the ten thousands digit of 18818311?
1
What is the ten thousands digit of 6488246198?
4
What is the tens digit of 1319246310?
1
What is the ten thousands digit of 1585787375?
8
What is the units digit of 5149357405?
5
What is the billions digit of 1485463899?
1
What is the millions digit of 584533510?
4
What is the hundreds digit of 109725613?
6
What is the hundreds digit of 2153107985?
9
What is the millions digit of 415566865?
5
What is the hundred thousands digit of 323252167?
2
What is the units digit of 209574986?
6
What is the hundred millions digit of 428807721?
4
What is the ten millions digit of 5313947013?
1
What is the hundreds digit of 164310118?
1
What is the tens digit of 2383159228?
2
What is the ten millions digit of 57125545?
5
What is the units digit of 3822880978?
8
What is the millions digit of 5769468636?
9
What is the hundred thousands digit of 324708701?
7
What is the ten millions digit of 84156388?
8
What is the ten thousands digit of 22607569?
0
What is the hundred thousands digit of 1019970115?
9
What is the ten millions digit of 158377870?
5
What is the millions digit of 158303565?
8
What is the hundred millions digit of 533497501?
5
What is the billions digit of 4249470410?
4
What is the hundred thousands digit of 96442291?
4
What is the hundreds digit of 1070434185?
1
What is the hundreds digit of 1351228477?
4
What is the tens digit of 25071777?
7
What is the tens digit of 206437024?
2
What is the ten millions digit of 4409631908?
0
What is the hundreds digit of 41561292?
2
What is the millions digit of 1244161977?
4
What is the units digit of 6905454192?
2
What is the units digit of 53182448?
8
What is the tens digit of 1293236226?
2
What is the ten thousands digit of 47800478?
0
What is the units digit of 1553145194?
4
What is the ten millions digit of 23244463?
2
What is the millions digit of 104076238?
4
What is the units digit of 100781781?
1
What is the billions digit of 4881316978?
4
What is the ten millions digit of 2157932338?
5
What is the units digit of 64447651?
1
What is the hundreds digit of 29259847?
8
What is the thousands digit of 1586048?
6
What is the hundred thousands digit of 136804194?
8
What is the tens digit of 57365451?
5
What is the ten thousands digit of 55176925?
7
What is the thousands digit of 267821627?
1
What is the ten thousands digit of 15546609?
4
What is the ten thousands digit of 165581108?
8
What is the tens digit of 2900925603?
0
What is the hundreds digit of 2080515924?
9
What is the ten thousands digit of 322717895?
1
What is the ten thousands digit of 760211892?
1
What is the ten thousands digit of 7516456?
1
What is the ten millions digit of 2472834225?
7
What is the hundreds digit of 94469275?
2
What is the hundreds digit of 10787361?
3
What is the hundreds digit of 1113537380?
3
What is the ten thousands digit of 242486318?
8
What is the thousands digit of 445118409?
8
What is the ten millions digit of 78009968?
7
What is the hundred thousands digit of 22743824?
7
What is the millions digit of 20976925?
0
What is the tens digit of 67490019?
1
What is the ten thousands digit of 30195914?
9
What is the thousands digit of 1874355435?
5
What is the millions digit of 1648374777?
8
What is the hundreds digit of 229882997?
9
What is the hundred millions digit of 314630911?
3
What is the units digit of 148340438?
8
What is the units digit of 1459168982?
2
What is the tens digit of 35201361?
6
What is the millions digit of 29342410?
9
What is the tens digit of 133661418?
1
What is the millions digit of 510311452?
0
What is the hundred thousands digit of 6930956446?
9
What is the hundred thousands digit of